[INFO] cloning repository https://github.com/DuskyElf/rpg-rs
[INFO] running `Command { std: "git" "-c" "credential.helper=" "-c" "credential.helper=/workspace/cargo-home/bin/git-credential-null" "clone" "--bare" "https://github.com/DuskyElf/rpg-rs" "/workspace/cache/git-repos/https%3A%2F%2Fgithub.com%2FDuskyElf%2Frpg-rs", kill_on_drop: false }`
[INFO] [stderr] Cloning into bare repository '/workspace/cache/git-repos/https%3A%2F%2Fgithub.com%2FDuskyElf%2Frpg-rs'...
[INFO] running `Command { std: "git" "rev-parse" "HEAD", kill_on_drop: false }`
[INFO] [stdout] 17ffcaa91e2395b17539d9f08eec5018d05aa9b2
[INFO] checking DuskyElf/rpg-rs against master#9610dfe5a9a731ced1ea4923ecbd0c57fe367898 for beta-170-4
[INFO] running `Command { std: "git" "clone" "/workspace/cache/git-repos/https%3A%2F%2Fgithub.com%2FDuskyElf%2Frpg-rs" "/workspace/builds/worker-3-tc1/source", kill_on_drop: false }`
[INFO] [stderr] Cloning into '/workspace/builds/worker-3-tc1/source'...
[INFO] [stderr] done.
[INFO] validating manifest of git repo https://github.com/DuskyElf/rpg-rs on toolchain 9610dfe5a9a731ced1ea4923ecbd0c57fe367898
[INFO] running `Command { std: CARGO_HOME="/workspace/cargo-home" RUSTUP_HOME="/workspace/rustup-home" "/workspace/cargo-home/bin/cargo" "+9610dfe5a9a731ced1ea4923ecbd0c57fe367898" "metadata" "--manifest-path" "Cargo.toml" "--no-deps", kill_on_drop: false }`
[INFO] started tweaking git repo https://github.com/DuskyElf/rpg-rs
[INFO] finished tweaking git repo https://github.com/DuskyElf/rpg-rs
[INFO] tweaked toml for git repo https://github.com/DuskyElf/rpg-rs written to /workspace/builds/worker-3-tc1/source/Cargo.toml
[INFO] crate git repo https://github.com/DuskyElf/rpg-rs already has a lockfile, it will not be regenerated
[INFO] running `Command { std: CARGO_HOME="/workspace/cargo-home" RUSTUP_HOME="/workspace/rustup-home" "/workspace/cargo-home/bin/cargo" "+9610dfe5a9a731ced1ea4923ecbd0c57fe367898" "fetch" "--manifest-path" "Cargo.toml", kill_on_drop: false }`
[INFO] running `Command { std: "docker" "create" "-v" "/var/lib/crater-agent-workspace/builds/worker-3-tc1/target:/opt/rustwide/target:rw,Z" "-v" "/var/lib/crater-agent-workspace/builds/worker-3-tc1/source:/opt/rustwide/workdir:ro,Z" "-v" "/var/lib/crater-agent-workspace/cargo-home:/opt/rustwide/cargo-home:ro,Z" "-v" "/var/lib/crater-agent-workspace/rustup-home:/opt/rustwide/rustup-home:ro,Z" "-e" "SOURCE_DIR=/opt/rustwide/workdir" "-e" "CARGO_TARGET_DIR=/opt/rustwide/target" "-e" "CARGO_HOME=/opt/rustwide/cargo-home" "-e" "RUSTUP_HOME=/opt/rustwide/rustup-home" "-w" "/opt/rustwide/workdir" "-m" "1610612736" "--user" "0:0" "--network" "none" "ghcr.io/rust-lang/crates-build-env/linux@sha256:19e73879b68f455e41552ea35293514db52ea292d993f571636dbffedb77a1ee" "/opt/rustwide/cargo-home/bin/cargo" "+9610dfe5a9a731ced1ea4923ecbd0c57fe367898" "metadata" "--no-deps" "--format-version=1", kill_on_drop: false }`
[INFO] [stdout] 83dac58d86135e51ca47d8b649134da9d8e68fda54037391093aa08cc759bda7
[INFO] running `Command { std: "docker" "start" "-a" "83dac58d86135e51ca47d8b649134da9d8e68fda54037391093aa08cc759bda7", kill_on_drop: false }`
[INFO] running `Command { std: "docker" "inspect" "83dac58d86135e51ca47d8b649134da9d8e68fda54037391093aa08cc759bda7", kill_on_drop: false }`
[INFO] running `Command { std: "docker" "rm" "-f" "83dac58d86135e51ca47d8b649134da9d8e68fda54037391093aa08cc759bda7", kill_on_drop: false }`
[INFO] [stdout] 83dac58d86135e51ca47d8b649134da9d8e68fda54037391093aa08cc759bda7
[INFO] running `Command { std: "docker" "create" "-v" "/var/lib/crater-agent-workspace/builds/worker-3-tc1/target:/opt/rustwide/target:rw,Z" "-v" "/var/lib/crater-agent-workspace/builds/worker-3-tc1/source:/opt/rustwide/workdir:ro,Z" "-v" "/var/lib/crater-agent-workspace/cargo-home:/opt/rustwide/cargo-home:ro,Z" "-v" "/var/lib/crater-agent-workspace/rustup-home:/opt/rustwide/rustup-home:ro,Z" "-e" "SOURCE_DIR=/opt/rustwide/workdir" "-e" "CARGO_TARGET_DIR=/opt/rustwide/target" "-e" "CARGO_INCREMENTAL=0" "-e" "RUST_BACKTRACE=full" "-e" "RUSTFLAGS=--cap-lints=forbid" "-e" "RUSTDOCFLAGS=--cap-lints=forbid" "-e" "CARGO_HOME=/opt/rustwide/cargo-home" "-e" "RUSTUP_HOME=/opt/rustwide/rustup-home" "-w" "/opt/rustwide/workdir" "-m" "1610612736" "--user" "0:0" "--network" "none" "ghcr.io/rust-lang/crates-build-env/linux@sha256:19e73879b68f455e41552ea35293514db52ea292d993f571636dbffedb77a1ee" "/opt/rustwide/cargo-home/bin/cargo" "+9610dfe5a9a731ced1ea4923ecbd0c57fe367898" "check" "--frozen" "--all" "--all-targets" "--message-format=json", kill_on_drop: false }`
[INFO] [stdout] 2d0f8c807a69a2dc3c11ea86bdbdbc909c9ae4d3a581914b7ecf874cf742aedd
[INFO] running `Command { std: "docker" "start" "-a" "2d0f8c807a69a2dc3c11ea86bdbdbc909c9ae4d3a581914b7ecf874cf742aedd", kill_on_drop: false }`
[INFO] [stderr]    Compiling cc v1.0.73
[INFO] [stderr]    Compiling libc v0.2.133
[INFO] [stderr]    Compiling pkg-config v0.3.25
[INFO] [stderr]    Compiling log v0.4.17
[INFO] [stderr]    Compiling ncurses v5.101.0
[INFO] [stderr]     Checking pancurses v0.17.0
[INFO] [stderr]     Checking rpg-rs v0.1.0 (/opt/rustwide/workdir)
[INFO] [stdout] error: expected `;`, found keyword `let`
[INFO] [stdout]    --> src/lang.rs:467:19
[INFO] [stdout]     |
[INFO] [stdout] 467 |                 ))
[INFO] [stdout]     |                   ^ help: add `;` here
[INFO] [stdout] 468 |
[INFO] [stdout] 469 |             let node_starting = if let Some(token) = self.tokens.next() {
[INFO] [stdout]     |             --- unexpected token
[INFO] [stdout] 
[INFO] [stdout] 
[INFO] [stdout] error: expected `;`, found keyword `let`
[INFO] [stdout]    --> src/lang.rs:467:19
[INFO] [stdout]     |
[INFO] [stdout] 467 |                 ))
[INFO] [stdout]     |                   ^ help: add `;` here
[INFO] [stdout] 468 |
[INFO] [stdout] 469 |             let node_starting = if let Some(token) = self.tokens.next() {
[INFO] [stdout]     |             --- unexpected token
[INFO] [stdout] 
[INFO] [stdout] 
[INFO] [stdout] error[E0308]: mismatched types
[INFO] [stdout]    --> src/lang.rs:505:52
[INFO] [stdout]     |
[INFO] [stdout] 505 |             branches.push(Branch::new(branch_name, branch_node_block))
[INFO] [stdout]     |                           -----------              ^^^^^^^^^^^^^^^^^ expected `OpCode`, found `Vec<OpCode>`
[INFO] [stdout]     |                           |
[INFO] [stdout]     |                           arguments to this function are incorrect
[INFO] [stdout]     |
[INFO] [stdout]     = note: expected enum `models::OpCode`
[INFO] [stdout]              found struct `Vec<models::OpCode>`
[INFO] [stdout] note: associated function defined here
[INFO] [stdout]    --> src/models.rs:42:12
[INFO] [stdout]     |
[INFO] [stdout] 42  |     pub fn new(option: String, handler: OpCode) -> Self {
[INFO] [stdout]     |            ^^^                 ---------------
[INFO] [stdout] 
[INFO] [stdout] 
[INFO] [stdout] error[E0308]: mismatched types
[INFO] [stdout]    --> src/lang.rs:505:52
[INFO] [stdout]     |
[INFO] [stdout] 505 |             branches.push(Branch::new(branch_name, branch_node_block))
[INFO] [stdout]     |                           -----------              ^^^^^^^^^^^^^^^^^ expected `OpCode`, found `Vec<OpCode>`
[INFO] [stdout]     |                           |
[INFO] [stdout]     |                           arguments to this function are incorrect
[INFO] [stdout]     |
[INFO] [stdout]     = note: expected enum `models::OpCode`
[INFO] [stdout]              found struct `Vec<models::OpCode>`
[INFO] [stdout] note: associated function defined here
[INFO] [stdout]    --> src/models.rs:42:12
[INFO] [stdout]     |
[INFO] [stdout] 42  |     pub fn new(option: String, handler: OpCode) -> Self {
[INFO] [stdout]     |            ^^^                 ---------------
[INFO] [stdout] 
[INFO] [stdout] 
[INFO] [stdout] error[E0599]: no variant or associated item named `new_branch` found for enum `models::OpCode` in the current scope
[INFO] [stdout]    --> src/lang.rs:508:20
[INFO] [stdout]     |
[INFO] [stdout] 508 |         Ok(OpCode::new_branch(question, branches))
[INFO] [stdout]     |                    ^^^^^^^^^^ variant or associated item not found in `OpCode`
[INFO] [stdout]     |
[INFO] [stdout]    ::: src/models.rs:26:1
[INFO] [stdout]     |
[INFO] [stdout] 26  | pub enum OpCode {
[INFO] [stdout]     | --------------- variant or associated item `new_branch` not found for this enum
[INFO] [stdout] 
[INFO] [stdout] 
[INFO] [stdout] error[E0599]: no variant or associated item named `new_branch` found for enum `models::OpCode` in the current scope
[INFO] [stdout]    --> src/lang.rs:508:20
[INFO] [stdout]     |
[INFO] [stdout] 508 |         Ok(OpCode::new_branch(question, branches))
[INFO] [stdout]     |                    ^^^^^^^^^^ variant or associated item not found in `OpCode`
[INFO] [stdout]     |
[INFO] [stdout]    ::: src/models.rs:26:1
[INFO] [stdout]     |
[INFO] [stdout] 26  | pub enum OpCode {
[INFO] [stdout]     | --------------- variant or associated item `new_branch` not found for this enum
[INFO] [stdout] 
[INFO] [stdout] 
[INFO] [stdout] error[E0599]: no method named `contains` found for struct `HashMap` in the current scope
[INFO] [stdout]    --> src/lang.rs:535:48
[INFO] [stdout]     |
[INFO] [stdout] 535 |                     if !self.value_identifiers.contains(&number) {
[INFO] [stdout]     |                                                ^^^^^^^^ help: there is a method with a similar name: `contains_key`
[INFO] [stdout] 
[INFO] [stdout] 
[INFO] [stdout] error[E0599]: no method named `contains` found for struct `HashMap` in the current scope
[INFO] [stdout]    --> src/lang.rs:535:48
[INFO] [stdout]     |
[INFO] [stdout] 535 |                     if !self.value_identifiers.contains(&number) {
[INFO] [stdout]     |                                                ^^^^^^^^ help: there is a method with a similar name: `contains_key`
[INFO] [stdout] 
[INFO] [stdout] 
[INFO] [stdout] error: aborting due to 4 previous errors
[INFO] [stdout] 
[INFO] [stdout] 
[INFO] [stdout] Some errors have detailed explanations: E0308, E0599.
[INFO] [stdout] 
[INFO] [stdout] For more information about an error, try `rustc --explain E0308`.
[INFO] [stdout] 
[INFO] [stdout] error: aborting due to 4 previous errors
[INFO] [stdout] 
[INFO] [stdout] 
[INFO] [stdout] Some errors have detailed explanations: E0308, E0599.
[INFO] [stdout] 
[INFO] [stdout] For more information about an error, try `rustc --explain E0308`.
[INFO] [stdout] 
[INFO] [stderr] error: could not compile `rpg-rs` (lib) due to 5 previous errors
[INFO] [stderr] warning: build failed, waiting for other jobs to finish...
[INFO] [stderr] error: could not compile `rpg-rs` (lib test) due to 5 previous errors
[INFO] running `Command { std: "docker" "inspect" "2d0f8c807a69a2dc3c11ea86bdbdbc909c9ae4d3a581914b7ecf874cf742aedd", kill_on_drop: false }`
[INFO] running `Command { std: "docker" "rm" "-f" "2d0f8c807a69a2dc3c11ea86bdbdbc909c9ae4d3a581914b7ecf874cf742aedd", kill_on_drop: false }`
[INFO] [stdout] 2d0f8c807a69a2dc3c11ea86bdbdbc909c9ae4d3a581914b7ecf874cf742aedd
